7*m = -74 - 593. Let d(q) = q**2 - 25*q - 32. Calculate d(m).
-78
Let l(q) = -2*q + q**3 - 2*q**2 + 2 - 6 + 0*q**3. Suppose 3 = -9*a + 10*a. Determine l(a).
-1
Let y(m) = 181*m - 16. Let k(w) = 43*w - 4. Let n(d) = 26*k(d) - 6*y(d). What is n(1)?
24
Let a(p) = 95 - 18*p + 3*p**2 - p**2 - 84. Let y(q) = -q**2 + 9*q - 5. Let x(c) = 3*a(c) + 7*y(c). Determine x(10).
-12
Let g(o) = o**3 - 7*o**2 + 6*o + 2. Let r be g(6). Let v be 2/41 + (-9440)/(-4838). Let z(l) = 11*l**2 - 2 - 5*l**v - 2*l - l**3 - 3*l**r. Determine z(2).
-2
Let v(b) = 35*b + 19. Let w(u) = 8*u + 5. Suppose 5*o - 24 = -5*l + 11, -o + 15 = 5*l. Let h(q) = l*v(q) - 9*w(q). Give h(-2).
-3
Let w(g) be the third derivative of -g**6/4 - g**5/60 + g**3/6 - 3070*g**2. Give w(1).
-30
Let s(i) be the first derivative of 13 + 7*i**2 + 1/10*i**5 + 0*i - 1/3*i**3 - 1/120*i**6 + 1/3*i**4. Let h(x) be the second derivative of s(x). Calculate h(7).
5
Let v(a) = 28*a**3 - 19*a**2 - 107*a + 8. Let r(k) = 13*k**3 - 9*k**2 - 50*k + 3. Let j(z) = -13*r(z) + 6*v(z). Give j(-3).
39
Let c(v) = -8*v + 54. Suppose 3*n - n + 34 = 5*i, 2*n = 4*i - 28. Let j be c(i). Let r(b) = b - 1. Determine r(j).
5
Suppose -2*h = -q - 3, 0*q - 5 = -5*h + 5*q. Let s(c) = 8 + h*c - 8*c - 8*c**2 - c**3 + 0*c. Calculate s(-7).
1
Let h(a) = 5*a + 11. Let y(f) = 7*f + 17. Let r(q) = -4*h(q) + 3*y(q). Suppose -2*m - 6*m - 40 = 0. Determine r(m).
2
Let t(q) = 5886 + 8*q + 7*q - 3*q - 5918. Determine t(2).
-8
Let j(k) be the second derivative of -1/2*k**4 + 0*k**3 + 1/60*k**5 + 0*k**2 - 4*k + 0 + 1/180*k**6. Let x(q) be the third derivative of j(q). Give x(-2).
-6
Let b(z) = z**2 - z + 4*z - z - 4. Suppose 7*v + 53 = 25*v - 1. Calculate b(v).
11
Let j(q) be the third derivative of -q**6/120 - q**5/6 + q**4/12 + 3*q**3 - q**2 - 9*q - 153. Give j(-10).
-2
Let q(c) be the third derivative of 0 - 2*c - 22*c**2 + c**3 + 1/12*c**4. Let v = -7 - -3. Calculate q(v).
-2
Let y(a) = 14*a**2 + a**3 + 7*a - 1 - 7*a**2 - a + 0*a**3. Let t be 2/(-11) + 552/132. Suppose 0 = -5*q + t*n - 18, -2*q + 3*n - 21 = 3*q. Determine y(q).
-1
Let t be 2 + (-20)/(6/(-3)). Suppose w = -2*w - c - 8, -3*c = -3*w + t. Let l(s) be the third derivative of 3*s**4/8 - s**3/6 + 6*s**2 + 166. Determine l(w).
-10
Let g(l) = 9 - 9 - 1775*l**2 + 1779*l**2 - 3*l + l**3 + 4. Calculate g(-3).
22
Let d(u) be the third derivative of -1/12*u**4 + 0 + 8*u**2 + 1/6*u**3 + 0*u. Let k = -1983 + 1988. Give d(k).
-9
Let o(f) be the third derivative of -f**4/12 + 7*f**3/2 + 221*f**2. Calculate o(8).
5
Let v(f) = -23*f + 183. Let c be v(8). Let x(w) = w**2 + w - 1. Let i(t) = t**2 + 8*t - 5. Let u(j) = c*x(j) - i(j). What is u(-7)?
-29
Let q(n) be the first derivative of n + n**2 + 1/4*n**4 - 13 + 4/3*n**3. Let d be (-182)/42 - 1/(-3). Calculate q(d).
-7
Let i(z) = 6*z - 1. Let q(m) = 3*m + 92. Let o be q(-19). Let y = o + -37. Give i(y).
-13
Let q(u) = -2*u - 3. Let x(d) = 100*d**3 - 18*d**2 - 39 - 101*d**3 - 9*d + 7*d. Let p be x(-18). Let j be (3/(-1)*8/p)/2. Determine q(j).
-11
Let u(s) be the third derivative of -s**6/120 - s**5/60 - s**4/24 - s**3/2 + s**2 + 797*s. Determine u(2).
-17
Suppose 0 = -5*w + 4*w - 1. Let q(d) be the second derivative of -13*d**4/12 + d**3/3 + d**2 + 133887*d - 2. Determine q(w).
-13
Let c(d) = 0*d**2 + 2*d + 34510 - 34514 - d**2. What is c(1)?
-3
Suppose 2*o - 20 = -3*o. Let p(a) = -3*a**3 + 4*a - 1 + 2*a**3 - 4 + o*a + 5*a**2. Suppose 0 = 3*q - 2*q - 6. What is p(q)?
7
Suppose 0 = 5*k - x - 5, 11*x = 12*x. Let y(u) = -k + 1 - 39*u**2 + 43*u**2 + 4 + u**3. Give y(-4).
4
Let o(w) = 13*w**2 + 11*w - 20. Let u(m) = -6*m**2 - 6*m + 11. Let i = 755 - 744. Let b(t) = i*u(t) + 6*o(t). Let p be (-1 + 0)*-1 - 0. Calculate b(p).
13
Let r(u) = 0 - u**2 + 2*u**2 + 2. Let y(c) = c + 30. Let z be y(-14). Suppose 0 = -z*l + 18*l. Give r(l).
2
Let g(i) = -11*i**2 + 14*i - 6*i - 7*i**2 + 17*i**2 - 12. Suppose 0 = -b + 837 - 833. Give g(b).
4
Suppose 3*n = 7*n - 16, 5*b - 16 = n. Let c(r) be the third derivative of -1/2*r**3 - 1/120*r**6 + 0 + 1/12*r**5 - 25*r**2 + 0*r - 1/8*r**4. Determine c(b).
1
Let r(i) = 4*i**2 + 3*i + 1. Suppose 8*c - 2 = -q + 6*c, -34 = -5*q - 4*c. Suppose 3*g = -z + 1, 8 = -2*g + q. Give r(z).
11
Let q(g) = -106*g + 45. Let l(p) = -90*p + 40. Let x(w) = 7*l(w) - 6*q(w). What is x(3)?
28
Let n = -23 + 50. Let p = n - 33. Let o(d) = -14*d + 26. Let u(v) = 5*v - 9. Let b(r) = -3*o(r) - 8*u(r). Determine b(p).
-18
Let k(t) = 3*t**2. Let b(m) = 17*m**2 - 2*m - 2. Let g(j) = 2*b(j) - 11*k(j). Let o = 0 + -3. Calculate g(o).
17
Let x(r) = -r**2 - 8*r**2 + 4*r + r**2 + 52*r**3 + 18 + 0*r - 51*r**3. Give x(8).
50
Let t(z) = 59*z**3 + 38*z**2 + 113*z + 17. Let w(s) = -7*s**3 - 5*s**2 - 14*s - 2. Let j(l) = -2*t(l) - 17*w(l). Determine j(-7).
14
Let w(o) = o**3 + 5*o**2 - 4*o + 7. Let s be (4/(-5))/((-1)/(-135)). Let p = s - -102. What is w(p)?
-5
Let g(d) = -10*d + 12. Let z(o) = -o + 3. Let c(y) = 2*y - 6. Let i(l) = -6*c(l) - 13*z(l). Let x(w) = g(w) + 6*i(w). Give x(-3).
6
Let y(n) = -7*n + 71. Let q(o) = -o + 11. Let x(h) = -13*q(h) + 2*y(h). Let r(p) = -p**2 - 8*p - 1. Let c be r(-8). Determine x(c).
0
Let s(i) = i - 15. Let c(m) = 2*m - 31. Let f(h) = 4*c(h) - 10*s(h). Let j be f(15). Let q be (13/((-195)/50))/(j/6). Let d(y) = -2*y. What is d(q)?
-10
Let w(v) = -v**2 - 9*v - 7. Let c be w(-7). Let p(s) = -c - 7*s - 5 + 9 + 2*s**2 + 8*s. Give p(3).
18
Let c(k) = -12*k + 12*k**2 + k - 4*k**2 - 2*k**2 - 15 - 5*k**2. Determine c(12).
-3
Let l(y) be the third derivative of -7*y**5/120 + 59*y**3/2 - 45*y**2 - 5*y. Let q(o) be the first derivative of l(o). Determine q(1).
-7
Let r(a) = 13*a. Let o(y) = y**2 - 46*y + 5. Let m(l) = -o(l) - 3*r(l). Calculate m(8).
-13
Suppose -9*d + 7*d + 11 = -q, 5*d - 5*q - 25 = 0. Let c(i) = -i**2 + 163*i - 941. What is c(d)?
1
Suppose 4*u - 163 + 215 = -4*q, 0 = 7*q - 7. Let b(o) = o**3 + 14*o**2 + 3*o + 37. What is b(u)?
-5
Let m(k) = -92*k - 730. Let t be m(-8). Suppose 3*u = 4*z + 22, -5*z - 11 - 13 = -2*u. Let r(s) = 5 + 12*s + s**2 - 5*s - 2*s**2 + 0*s**u. Calculate r(t).
11
Let z(r) = -r**2 + 10*r + 9. Let q = -198 + 194. Let c be ((q/(-6))/2)/((-163)/(-5379)). Determine z(c).
-2
Let y(c) = -3*c - 28. Let l = -381 + 253. Let m = 120 + l. Let j be y(m). Let a(x) = 4*x + 4. What is a(j)?
-12
Let s(n) be the first derivative of -n**5/60 + n**4/4 - n**3/2 + 41*n**2/2 - 15. Let h(x) be the second derivative of s(x). Calculate h(7).
-10
Let k(p) be the first derivative of -p**2 - 3*p**2 - 127 + 0*p**2 + 4*p**2 - p**2. Let c(v) = 2*v - 3. Let m be c(2). Give k(m).
-2
Suppose -6*g + 2*y - 8 = -2*g, 4*g - 3*y + 12 = 0. Suppose -4*d = -g*d - 20. Let p(n) be the first derivative of n**2/2 + 3*n + 19. Give p(d).
8
Let r = -46 + 24. Let i = -19 - r. Suppose 0*f + 3*f + i*k = 3, 2*f = -k + 4. Let j(x) = -2*x + 3. Determine j(f).
-3
Let t(z) = -z**3 + z**2 + z - 13. Let w be t(0). Let b(m) = m + 16. Let d be b(w). Let k(y) = y**2 + 8*y + 0 + 9 - d + 0*y**2. Determine k(-5).
-9
Let b(o) = o**3 - 5*o**2 + 4*o + 3. Suppose -5*w + 3 = -7. Suppose 4*t - j - 26 = 4*j, 4*t = w*j + 20. Determine b(t).
3
Let x(l) = 123*l - 10*l + 1075 + 1049 - 3093 + 1079. What is x(-1)?
-3
Let v(t) be the first derivative of t**4/12 + t**3/2 - t**2 + 3*t + 114. Let q(r) be the second derivative of v(r). What is q(0)?
3
Let t be (-1 - -1)/(-2) + -2. Let k be (-4 - -2) + -6 - t. Let m(y) = -17*y - 36. Let n(v) = 2*v + 5. Let c(a) = m(a) + 8*n(a). Give c(k).
10
Let p(i) = 165*i**2 + 7*i - 360*i**2 + 7 + 193*i**2. Calculate p(-1).
-2
Let h(b) be the third derivative of -b**2 - 1/60*b**5 - 95 + 9/2*b**3 - 1/120*b**6 + 0*b + 1/24*b**4. Determine h(0).
27
Let a = -1338 - -1335. Let m(j) be the first derivative of -6 - 1/2*j**2 + 2*j. Give m(a).
5
Let d(z) = z**3 - 4*z**2 - 2*z. Suppose 0 = 2*w - 10, 2*w = -6*v + 3*v + 22. What is d(v)?
-8
Suppose 4*m + 11 = 3, 0 = -4*k + m + 22. Suppose 9*c - k = 4*c. Let d(y) = -7*y + 0 + 3*y - 3 + 2. Give d(c).
-5
Let h(a) be the second derivative of a**5/20 - a**4/2 - a**3 - 15*a**2/2 - 1106*a. Calculate h(7).
-8
Let r(g) = -223 + 854 - 634 + 8*g - g**2. Let d be (1 - (-7)/(-2))*-4. Give r(d).
-23
Suppose -5*c = -5*p + 10, -41 - 4 = -5*p - 2*c. Let i(d) = -d**3 + 6*d**2 - d + 10. Calculate i(p).
-46
Let f be (7 + -13